s the remainder when 3221 is divided by 359?
349
Calculate the remainder when 79308 is divided by 10.
8
Calculate the remainder when 142 is divided by 26.
12
Calculate the remainder when 12 is divided by 2.
0
What is the remainder when 8 is divided by 5?
3
Calculate the remainder when 2682 is divided by 84.
78
What is the remainder when 117 is divided by 44?
29
Calculate the remainder when 16 is divided by 10.
6
Calculate the remainder when 413 is divided by 173.
67
Calculate the remainder when 8827 is divided by 327.
325
Calculate the remainder when 282 is divided by 120.
42
Calculate the remainder when 434 is divided by 322.
112
What is the remainder when 359 is divided by 210?
149
What is the remainder when 156 is divided by 42?
30
What is the remainder when 422 is divided by 9?
8
What is the remainder when 13197 is divided by 67?
65
Calculate the remainder when 191 is divided by 12.
11
What is the remainder when 1382 is divided by 33?
29
What is the remainder when 1878 is divided by 140?
58
Calculate the remainder when 27 is divided by 9.
0
What is the remainder when 2035 is divided by 123?
67
Calculate the remainder when 33478 is divided by 31.
29
Calculate the remainder when 332 is divided by 313.
19
What is the remainder when 8787 is divided by 169?
168
Calculate the remainder when 1312 is divided by 263.
260
What is the remainder when 627 is divided by 63?
60
Calculate the remainder when 23 is divided by 9.
5
What is the remainder when 1196 is divided by 37?
12
Calculate the remainder when 469 is divided by 80.
69
What is the remainder when 779 is divided by 39?
38
What is the remainder when 1089 is divided by 24?
9
What is the remainder when 194 is divided by 31?
8
Calculate the remainder when 140 is divided by 24.
20
Calculate the remainder when 7102 is divided by 35.
32
Calculate the remainder when 2319 is divided by 43.
40
Calculate the remainder when 1104 is divided by 368.
0
What is the remainder when 8023 is divided by 5?
3
Calculate the remainder when 2344 is divided by 168.
160
Calculate the remainder when 297 is divided by 102.
93
What is the remainder when 383 is divided by 56?
47
What is the remainder when 143 is divided by 5?
3
What is the remainder when 1549 is divided by 33?
31
What is the remainder when 854 is divided by 71?
2
What is the remainder when 1547 is divided by 9?
8
Calculate the remainder when 205 is divided by 85.
35
Calculate the remainder when 94464 is divided by 149.
147
Calculate the remainder when 137 is divided by 70.
67
Calculate the remainder when 152 is divided by 13.
9
What is the remainder when 231 is divided by 27?
15
Calculate the remainder when 232 is divided by 28.
8
What is the remainder when 93 is divided by 32?
29
Calculate the remainder when 1893 is divided by 6.
3
What is the remainder when 509 is divided by 30?
29
Calculate the remainder when 2973 is divided by 8.
5
What is the remainder when 542 is divided by 531?
11
Calculate the remainder when 186 is divided by 44.
10
What is the remainder when 17 is divided by 2?
1
Calculate the remainder when 1682 is divided by 33.
32
Calculate the remainder when 486 is divided by 124.
114
What is the remainder when 2278 is divided by 38?
36
What is the remainder when 51 is divided by 22?
7
What is the remainder when 720 is divided by 703?
17
What is the remainder when 153 is divided by 56?
41
Calculate the remainder when 54 is divided by 36.
18
What is the remainder when 97 is divided by 65?
32
Calculate the remainder when 3620 is divided by 17.
16
Calculate the remainder when 380 is divided by 15.
5
Calculate the remainder when 228 is divided by 72.
12
What is the remainder when 177 is divided by 40?
17
What is the remainder when 123 is divided by 31?
30
Calculate the remainder when 4506 is divided by 167.
164
Calculate the remainder when 53 is divided by 28.
25
Calculate the remainder when 11717 is divided by 42.
41
What is the remainder when 3599 is divided by 36?
35
Calculate the remainder when 77 is divided by 40.
37
Calculate the remainder when 71 is divided by 34.
3
What is the remainder when 14299 is divided by 13?
12
What is the remainder when 260 is divided by 63?
8
What is the remainder when 118 is divided by 4?
2
Calculate the remainder when 1034 is divided by 5.
4
Calculate the remainder when 554 is divided by 145.
119
Calculate the remainder when 1064 is divided by 10.
4
What is the remainder when 696 is divided by 117?
111
Calculate the remainder when 335 is divided by 21.
20
Calculate the remainder when 125 is divided by 8.
5
What is the remainder when 7477 is divided by 27?
25
What is the remainder when 542 is divided by 19?
10
Calculate the remainder when 174 is divided by 88.
86
What is the remainder when 175 is divided by 53?
16
What is the remainder when 32 is divided by 25?
7
What is the remainder when 1220 is divided by 111?
110
What is the remainder when 127 is divided by 11?
6
What is the remainder when 680 is divided by 192?
104
Calculate the remainder when 1515 is divided by 22.
19
Calculate the remainder when 3845 is divided by 56.
37
Calculate the remainder when 118 is divided by 35.
13
Calculate the remainder when 38248 is divided by 34.
32
What is the remainder when 7364 is divided by 27?
20
What is the remainder when 114 is divided by 79?
35
What is the remainder when 338 is divided by 57?
53
What is the remainder when 185 is divided by 84?
17
What is the remainder when 6784 is divided by 39?
37
What is the remainder when 675 is divided by 61?
4
Calculate the remainder when 1446 is divided by 350.
46
Calculate the remainder when 3733 is divided by 4.
1
What is the remainder when 515 is divided by 12?
11
What is the remainder when 478 is divided by 465?
13
Calculate the remainder when 91 is divided by 34.
23
Calculate the remainder when 204 is divided by 97.
10
Calculate the remainder when 14463 is divided by 5.
3
Calculate the remainder when 124 is divided by 14.
12
What is the remainder when 954 is divided by 158?
6
What is the remainder when 33 is divided by 12?
9
Calculate the remainder when 35 is divided by 22.
13
Calculate the remainder when 413 is divided by 30.
23
What is the remainder when 58 is divided by 18?
4
What is the remainder when 1062 is divided by 37?
26
Calculate the remainder when 407 is divided by 52.
43
Calculate the remainder when 1274 is divided by 29.
27
What is the remainder when 90 is divided by 5?
0
What is the remainder when 308 is divided by 158?
150
Calculate the remainder when 339 is divided by 162.
15
What is the remainder when 697 is divided by 47?
39
What is the remainder when 347 is divided by 154?
39
What is the remainder when 4710 is divided by 42?
6
Calculate the remainder when 109 is divided by 21.
4
Calculate the remainder when 420 is divided by 53.
49
Calculate the remainder when 594 is divided by 48.
18
What is the remainder when 2780 is divided by 6?
2
Calculate the remainder when 1586 is divided by 200.
186
Calculate the remainder when 832 is divided by 31.
26
What is the remainder when 236 is divided by 15?
11
Calculate the remainder when 1994 is divided by 332.
2
What is the remainder when 1626 is divided by 280?
226
What is the remainder when 130 is divided by 52?
26
What is the remainder when 246 is divided by 23?
16
Calculate the remainder when 121 is divided by 37.
10
Calculate the remainder when 3401 is divided by 83.
81
What is the remainder when 185 is divided by 51?
32
What is the remainder when 105 is divided by 23?
13
Calculate the remainder when 1200 is divided by 271.
116
Calculate the remainder when 791 is divided by 292.
207
Calculate the remainder when 11 is divided by 8.
3
What is the remainder when 78 is divided by 2?
0
What is the remainder when 204 is divided by 70?
64
What is the remainder when 253 is divided by 107?
39
Calculate the remainder when 168 is divided by 89.
79
Calculate the remainder when 6417 is divided by 19.
14
What is the remainder when 228 is divided by 112?
4
What is the remainder when 1038 is divided by 142?
44
Calculate the remainder when 180 is divided by 93.
87
What is the remainder when 7432 is divided by 52?
48
Calculate the remainder when 956 is divided by 230.
36
What is the remainder when 1987 is divided by 221?
219
C